f (0 - -4 - -10) + (10 - 10) + -10?
4
What is the value of 1 + 9 - ((-44 - 1) + 36)?
19
Evaluate -4 + 5 + (-3 - 1) + -20 - 9.
-32
(-5 - (-3 + (-3 - -5) + -1)) + 3
0
What is (-2 - 5) + (-48 - -60)?
5
77 + -122 - (-37 - 2)
-6
What is -78 - -86 - (-2 + 6)?
4
What is -15 - (-1 + -11 + -9)?
6
(8 - 1 - 1) + (13 + -5 - 2)
12
Evaluate (-51 - -48) + 0 + 2.
-1
Evaluate -33 + -2 + 20 + 23 + -26 + -7.
-25
What is the value of 2 + 5 + -11 + -8 + 10?
-2
What is 9 + (2 - 0) + -30?
-19
What is 7 + -2 + -8 - -10?
7
Calculate -1 + 6 - (36 + -13).
-18
Calculate -4 + ((-6 - -1) + -2 - 6).
-17
What is 4 + 12 + -15 - -9?
10
What is the value of 14 - (7 + 1 + -2 - 9)?
17
What is 61 + -49 + 0 + -29 - -6?
-11
What is the value of 4 + -9 + -31 + (-1 - -14)?
-23
Evaluate 248 + -229 - (1 + 4).
14
(-1 - (19 + 0 + (-13 - -11))) + -2
-20
What is the value of 27 - (-30 - (-9 + -36))?
12
What is the value of (2 - 3) + -11 + 4 + -3?
-11
What is the value of -14 + 8 - (0 + -1 + 3 + 4)?
-12
What is (21 - -47) + -45 - (0 - -3)?
20
What is -8 - (0 + -3 + -7) - 1?
1
8 + (0 - (-11 + (-9 - -4))) + -1
23
Evaluate (-3 - -1) + 22 + (-19 - -4) + -7.
-2
Evaluate -48 - (-11 - 25) - (-4 - -1).
-9
0 + (31 - 18) + -22
-9
-788 + 778 - (-3 + 1 - -16)
-24
What is 11 - (-1 + -2 + 1 + -5 - -7)?
11
Calculate (2 - 7) + -14 - (-8 - 5).
-6
(36 - 18) + -11 + -14
-7
(10 - (-3 - 1)) + -11
3
What is (21 - 26 - -62) + -9 + -8?
40
What is the value of -10 + 2 + -4 + 13 - (-10 - 16)?
27
Calculate -1 - 14 - (49 - (-49 - -91)).
-22
What is 1 - 9 - ((11 - 11) + -3 - 30)?
25
What is the value of -13 + 0 + (107 + -62 - 35)?
-3
What is the value of 6 - (-12 - (14 + -36))?
-4
What is -4 - 3 - (20 + (25 - 38))?
-14
What is the value of 15 + -12 + 17 + -32?
-12
Calculate (44 - 46) + -3 + 6.
1
Evaluate 39 - (14 - (19 + -8 + -7)).
29
What is 17 + -23 + 2 + (5 - 19) + 7?
-11
Evaluate 10 - 16 - (16 - 1) - 6.
-27
Evaluate (-3 - 1) + 6 + -6 + (-1 - -4).
-1
What is the value of 12 - 11 - (-24 + -1 - -4 - -4)?
18
28 + -22 + -19 + -2
-15
Evaluate 8 - (51 + -52 - (-2 - -1 - -8)).
16
8 + -29 + 17 + (-2 - 19)
-25
17 + (0 + -1 + -2 - (23 + -24))
15
Calculate -7 + (37 - -9 - (5 + (-7 - -10))).
31
What is 4 + -9 + 1 + 3 + (99 - 67)?
31
Evaluate -5 + 12 + 6 - 2.
11
Evaluate (10 + -12 - -6 - -3) + -1 - -25.
31
Calculate 2 + -2 + -7 + -17 + (29 - -11).
16
Calculate (1 - 0) + -16 + (24 - 9).
0
Evaluate 24 - (11 - (-12 + 12)) - (-1 + 4).
10
Calculate (-2 - -1) + 4 - (-24 + 23).
4
19 + -29 + (5 - (4 + -3))
-6
1 - (6 - -5) - (7 - -21)
-38
Calculate -52 - (5 + -29) - -52.
24
-1 + -9 + 4 + (-11 - (9 - 12))
-14
Evaluate (14 + -7 - 0) + (4 - -6).
17
What is -4 + 10 - (1 + 0 + -3)?
8
What is -7 - (18 - 12 - 41 - -7)?
21
What is the value of -6 - (-23 + 1 + 18 + -17 + 3)?
12
Calculate 17 + -18 - 28 - -14.
-15
What is the value of (-27 - (-2 - 3)) + -9 + (25 - 8)?
-14
(-2 - -12) + 8 - 2
16
Calculate -10 + ((-1 - -5) + (57 - 69) - -3).
-15
What is the value of 27 + (-28 - -16) - 4 - 11?
0
What is -4 + -35 + 30 - (1 + -7 + 0)?
-3
Evaluate 8 - (-5 - (-2 - (-1 - -6))).
6
49 + (3 + -12 - -12) - 0 - 11
41
Evaluate (2 - 1 - -13 - 4) + -10.
0
What is the value of 36 - (-4 + -3) - (-4 + (7 - -8))?
32
Calculate -8 + -2 + 7 - ((8 - 16) + 18).
-13
What is -531 + 516 - (-18 + 2)?
1
13 + ((-19 - -15) + -4 - -5)
10
-7 - (-28 - (-7 + -3))
11
What is -8 - -1 - (5 + (-1 - -1) - 31)?
19
Evaluate -42 + 50 - (-1 - -2) - (-1 + 14).
-6
What is -22 - (9 - 14 - 33)?
16
What is the value of -33 - -35 - (1 + -6 + -2)?
9
Calculate -18 + -3 + (4 - (14 - 11) - 11).
-31
What is -44 + (-31 - -61 - -24)?
10
Evaluate -20 + (5 - -16 - 19) + -10.
-28
Evaluate 8 + (-27 - (-9 + 3)).
-13
113 + -103 + (-1 + (4 - 7) - 24)
-18
Calculate (-11 - ((12 - 19) + 9)) + -15.
-28
Calculate -28 + 24 + -8 - (-9 - -23).
-26
Calculate -39 - ((-22 - (-45 + 23)) + (0 - 10)).
-29
Evaluate -5 - (3 + 3 + -12 + -3 - -3).
1
Calculate 3 - ((-8 - 0) + 16) - 6.
-11
Evaluate -21 + -24 - (-30 + 9).
-24
What is 26 - (24 + 24 - -6)?
-28
Evaluate 43 + (57 - 89) + (11 - (-1 - 0)).
23
What is 3 + -5 - 2 - (-9 + 4)?
1
Evaluate -2 - 0 - (0 - -1 - -1 - -8).
-12
24 - (-8 + (35 + -13 - 4))
14
What is the value of -7 + (-4 - 6 - -5 - (26 + -5))?
-33
What is the value of 1 + -17 + (1288 - 1257)?
15
What is the value of 5 - -1 - ((-14 - -28) + (1 - 25))?
16
What is (-28 - -14) + -6 + -1?
-21
What is the value of 3 - (3 + -8) - (5 - 11)?
14
What is 7 + (19 - 20 - (-2 + -8)) + 3?
19
Evaluate 274 + -268 + 0 + -17 + -2.
-13
What is 1 - ((3 - 1) + 7 + 2 + -12)?
2
What is the value of 22 + -2 - (6 - (-21 - -14) - 15)?
22
Evaluate (3 - -11) + -14 + -17.
-17
Evaluate -15 + -2 + -2 + 3 - (-17 + 14).
-13
What is -10 - 6 - (17 - 24)?
-9
99 - 128 - (-1 + -11)
-17
Evaluate 3 - 25 - -38 - (29 + 0).
-13
Evaluate (-3 - -4 - -3) + (-8 - (-7 + 11)).
-8
Calculate -137 + 137 - (0 - (0 + 0)).
0
What is the value of (-11 - (-36 - -20) - 1) + (12 - 0)?
16
6 + (0 - (1 - (-18 - -3) - 1))
-9
What is the value of 7 + (-28 - 0 - -13)?
-8
Evaluate 0 - (3 - ((-12 - -6) + 9) - 1).
1
9 - (-13 - (13 + -41))
-6
Calculate (11 - 21 - -34) + (0 - 5).
19
1 + 11 - ((15 - 13) + 9 + -13)
14
What is the value of (13 - 5) + -123 + 114 + (1 - -5)?
5
Calculate -8 + (-2 + 8 - (-51 + 42)) + 4.
11
What is (9 - 52) + 45 - (-1 - -2 - -16)?
-15
Calculate (2 - -7) + (-25 + 15 - -8).
7
15 + -36 + 22 - (27 + -1)
-25
What is the value of (-2 - 1) + (28 - 30)?
-5
What is 4 - (8 + (-39 - -20))?
15
What is the value of -1 + (3 - 16 - -17)?
3
What is 1 + (5 - 3) + (-1 + 6 - 10)?
-2
Calculate 2 + (8 + -18 - (-27 + 4)).
15
1 + 1 - -5 - (-142 + 166)
-17
9 - (10 - (5 - 8))
-4
What is -52 + 55 - (2 + 1 + -7)?
7
39 + -78 - (21 + -46)
-14
Evaluate (-4 - 3) + (-6 - -3 - -16) + -19.
-13
Calculate -3 - 12 - (59 - 61).
-13
(-625 - -640) + (-3 - 0) + -1
11
13 - 30 - -10 - -22
15
Calculate 126 + -135 - (-12 - 2).
5
Calculate -9 - (15 + -13 - 5).
-6
Evaluate 20 + -10 + -19 + 3.
-6
Evaluate 24 - (26 - 6) - 19.
-15
What is the value of 6 - (-3 + 10 + -12 - 2)?
13
Calculate (-4 - 3) + 2 + 2 + -7.
-10
Calculate 43 + -4 + 3 - (-88 - -101).
29
-16 + -5 + 4 + (-6 - -6) + 6
-11
Calculate -8 - 0 - 4 - -7.
-5
Calculate 14 - (32 + -58 + 25).
15
What is (0 + -17 - (-8 + 2)) + -8?
-19
(5 - (-2 - -11)) + 4 + 0 + 13
13
(23 - ((-16 - -9) + 12 + -10)) + -2
26
Evaluate 17 + (-12 - 4) + 2.
3
Calculate -6 + 6 - (92 - 108).
16
What is (-8 + 35 - 29) + (1 - (1 + -2))?
0
(2573 - 2579) + -1 + 0 + 1 + 0
-6
11 - (-16 - -9 - -7)
11
What is -4 + -3 + -16 + 9 + -2?
-16
What is -11 + (5 - (2 - (-11 - -7)))?
-12
Calculate 7 + -7 + (2 - 1) + 10.
11
Calculate -7 - (-9 + 1 + (-3 - -5)).
-1
Evaluate 15 - (-4 + (-7 - -9)) - 8.
9
-3 - ((0 - -3) + -6 + (-50 - -16))
34
What is 15 - ((-1 - 5 - -13) + -4)?
12
What is -130 + 116 - (3 - 1)?
-16
What is (-12 + -11 - -37) + 6?
20
Evaluate -1 - -7 - (6 - (14 - (11 + -5))).
8
Evaluate (10 - ((3 - 7 - 3) + 8)) + 0.
9
Evaluate -1 + -2 - ((-37 - -11) + 5 - -4).
14
What is (-1 - (-5 + 1 - -12)) + (-4 - 7)?
-20
Calculate -3 + 14 + -33 + 42 - 1.
19
What is the value of 15 + (-38 - -15) + 0 - -32?
24
What is the value of (30 - 24) + 0 - (7 - 0)?
-1
What is -43 - (-22 - -7) - -5?
-23
Calculate 817 - 820 - (0 + (0 + 1 - -9)).
-13
Evaluate -905 + 918 + (-1 - 17).
-5
What is -450 - -463 - (1 - -24)?
-12
What is -10 + 7 + -1 - (15 + 3 + 0)?
-22
Evaluate -9 + 15 - (7 + -6).
5
6 - (-9 - (1 - (6 + 19)))
-9
What is the value of (-32 - -22) + 26 + -18?
-2
What is the value of (1 - 0) + -1 - (-21 - -31 - 14)?
4
-19 + -7 + 13 - -16
3
Calculate (-7 - (1 - 4)) + 1 + 6 - 8.
-5
(21 - 5) + (57 - 54)
19
Calculate -9 + (3 - -5 - -5) - 3.
1
What is -1113 + 1124 + (-1 + -13 - 0) - 17?
-20
Calculate (-5 + 1 - 3 - 1) + 38 + -45.
-15
Calculate -10 + 1 - ((-40 - -16) + -13).
28
What is the value of -23 + 8 - -21 - -12?
18
(2 + -9 - (-3 + 1)) + 6 + -6
-5
Evaluate (-5 + (-1 - -10) - 5) + -5 - 6.
-12
What is (0 - (0 + -3)) + -7 - -2 - 2?
-4
Evaluate 49 + (-15 - 15) + -26.
-7
-20 + -1 + (164 - 147)
-4
What is the value of (-7 - 2) + 10 + -11?
-10
Evaluate -5 - (-2 + -6 - 12) - 7.
8
What is the value of 17 - (-6 + 5 - -6 - 2)?
14
What is the value of (0 - 20) + (-264 - -293)?
9
Calculate (-5 - -1 - (-34 - -24)) + (-9 - -3).
0
What is the value of -4 - (0 + -6 + (-9 - 3) + 2)?
12
Evaluate -47 + 44 + (7 - 0).
4
What is -12 -